0?
6
What is the hundreds digit of 314?
3
What is the hundreds digit of 9099?
0
What is the thousands digit of 1431?
1
What is the tens digit of 1295?
9
What is the units digit of 1047?
7
What is the tens digit of 1288?
8
What is the tens digit of 638?
3
What is the hundreds digit of 1303?
3
What is the tens digit of 657?
5
What is the tens digit of 260?
6
What is the hundreds digit of 1289?
2
What is the ten thousands digit of 13478?
1
What is the tens digit of 7075?
7
What is the units digit of 11514?
4
What is the hundreds digit of 123?
1
What is the units digit of 17258?
8
What is the hundreds digit of 1483?
4
What is the tens digit of 6615?
1
What is the hundreds digit of 18316?
3
What is the tens digit of 947?
4
What is the units digit of 28339?
9
What is the ten thousands digit of 12238?
1
What is the tens digit of 578?
7
What is the units digit of 7374?
4
What is the units digit of 2378?
8
What is the units digit of 38390?
0
What is the thousands digit of 5005?
5
What is the tens digit of 3121?
2
What is the thousands digit of 78999?
8
What is the thousands digit of 36158?
6
What is the units digit of 2782?
2
What is the hundreds digit of 22677?
6
What is the hundreds digit of 6502?
5
What is the thousands digit of 11436?
1
What is the thousands digit of 3109?
3
What is the tens digit of 117666?
6
What is the hundreds digit of 4591?
5
What is the thousands digit of 21274?
1
What is the tens digit of 3268?
6
What is the tens digit of 12049?
4
What is the hundreds digit of 683?
6
What is the thousands digit of 1832?
1
What is the units digit of 15493?
3
What is the hundreds digit of 163?
1
What is the thousands digit of 39629?
9
What is the ten thousands digit of 22544?
2
What is the thousands digit of 30640?
0
What is the units digit of 179?
9
What is the units digit of 17785?
5
What is the tens digit of 319?
1
What is the hundreds digit of 25320?
3
What is the hundreds digit of 3152?
1
What is the hundred thousands digit of 107769?
1
What is the thousands digit of 10183?
0
What is the units digit of 1132?
2
What is the tens digit of 2464?
6
What is the hundreds digit of 21496?
4
What is the thousands digit of 13120?
3
What is the ten thousands digit of 96889?
9
What is the tens digit of 19456?
5
What is the units digit of 13388?
8
What is the units digit of 884?
4
What is the units digit of 1345?
5
What is the hundreds digit of 17327?
3
What is the ten thousands digit of 15437?
1
What is the thousands digit of 5882?
5
What is the thousands digit of 6161?
6
What is the hundreds digit of 938?
9
What is the tens digit of 530?
3
What is the units digit of 47741?
1
What is the units digit of 16857?
7
What is the ten thousands digit of 18421?
1
What is the hundreds digit of 401?
4
What is the hundreds digit of 666?
6
What is the units digit of 57?
7
What is the units digit of 1859?
9
What is the units digit of 133194?
4
What is the hundreds digit of 13923?
9
What is the units digit of 841?
1
What is the units digit of 339?
9
What is the tens digit of 996?
9
What is the hundreds digit of 669?
6
What is the tens digit of 851?
5
What is the units digit of 563?
3
What is the hundreds digit of 7574?
5
What is the tens digit of 3658?
5
What is the hundreds digit of 5816?
8
What is the tens digit of 3367?
6
What is the hundreds digit of 25092?
0
What is the ten thousands digit of 26431?
2
What is the ten thousands digit of 67961?
6
What is the units digit of 939?
9
What is the ten thousands digit of 77553?
7
What is the thousands digit of 31505?
1
What is the hundreds digit of 25668?
6
What is the units digit of 2006?
6
What is the hundred thousands digit of 145263?
1
What is the hundreds digit of 1478?
4
What is the units digit of 3907?
7
What is the tens digit of 59963?
6
What is the units digit of 18421?
1
What is the tens digit of 16?
1
What is the tens digit of 1064?
6
What is the units digit of 8431?
1
What is the tens digit of 26?
2
What is the units digit of 14234?
4
What is the units digit of 374?
4
What is the units digit of 57108?
8
What is the units digit of 5?
5
What is the hundreds digit of 1083?
0
What is the tens digit of 255?
5
What is the tens digit of 26564?
6
What is the tens digit of 257?
5
What is the thousands digit of 6707?
6
What is the ten thousands digit of 15121?
1
What is the units digit of 1854?
4
What is the units digit of 3216?
6
What is the thousands digit of 51304?
1
What is the tens digit of 3004?
0
What is the hundreds digit of 63593?
5
What is the tens digit of 11852?
5
What is the tens digit of 20637?
3
What is the units digit of 34156?
6
What is the units digit of 34721?
1
What is the hundreds digit of 16361?
3
What is the thousands digit of 3414?
3
What is the thousands digit of 4497?
4
What is the tens digit of 130319?
1
What is the hundreds digit of 981?
9
What is the thousands digit of 4519?
4
What is the tens digit of 4228?
2
What is the units digit of 59290?
0
What is the thousands digit of 5251?
5
What is the thousands digit of 51628?
1
What is the units digit of 906?
6
What is the units digit of 828?
8
What is the ten thousands digit of 23633?
2
What is the tens digit of 12441?
4
What is the ten thousands digit of 104258?
0
What is the ten thousands digit of 14625?
1
What is the hundreds digit of 186?
1
What is the units digit of 51034?
4
What is the thousands digit of 15050?
5
What is the tens digit of 4237?
3
What is the tens digit of 1114?
1
What is the hundreds digit of 22236?
2
What is the units digit of 3285?
5
What is the thousands digit of 1501?
1
What is the hundred thousands digit of 104519?
1
What is the thousands digit of 14068?
4
What is the tens digit of 2957?
5
What is the units digit of 9884?
4
What is the units digit of 17144?
4
What is the thousands digit of 13011?
3
What is the thousands digit of 3685?
3
What is the tens digit of 2288?
8
What is the hundreds digit of 36064?
0
What is the tens digit of 2574?
7
What is the tens digit of 1820?
2
What is the hundreds digit of 113?
1
What is the units digit of 28754?
4
What is the tens digit of 212?
1
What is the units digit of 4835?
5
What is the units digit of 398?
8
What is the tens digit of 25?
2
What is the units digit of 109?
9
What is the units digit of 9650?
0
What is the ten thousands digit of 30279?
3
What is the tens digit of 67206?
0
What is the hundreds digit of 619?
6
What is the hundreds digit of 144?
1
What is the units digit of 1320?
0
What is the thousands digit of 1413?
1
What is the tens digit of 15651?
5
What is the units digit of 633?
3
What is the thousands digit of 4736?
4
What is the hundreds digit of 1050?
0
What is the tens digit of 5115?
1
What is the tens digit of 636?
3
What is the tens digit of 4421?
2
What is the hundreds digit of 901?
9
What is the tens digit of 135?
3
What is the units digit of 3158?
8
What is the tens digit of 57899?
9
What is the units digit of 113468?
8
What is the tens digit of 6360?
6
What is the tens digit of 92407?
0
What is the thousands digit of 4924?
4
What is the thousands digit of 17952?
7
What is the thousands digit of 2846?
2
What is the units digit of 781?
1
What is the thousands digit of 1332?
1
What is the tens digit of 107?
0
What is the units digit of 1146?
6
What is the hundreds digit of 11409?
4
What is the hundreds digit of 1541?
5
What is the units digit of 505?
5
What is the tens digit of 10870?
7
What is the tens digit of 2879?
7
What is the tens digit of 7209?
0
What is the thousands digit of 27146?
7
What is the ten thousands digit of 60714?
6
What is the thousands digit of 11092?
1
What is the hundreds digit of 1576?
5
What is the thousands digit of 14370?
4
What is the tens digit of 700?
0
What is the hundreds digit of 15674?
6
What is the units digit of 838?
8
What is the ten thousands digit of 10495?
1
What is the thousands digit of 18864?
8
What is the tens digit of 23?
2
What is the units digit of 17627?
7
What is the thousands digit of 2786?
2
What is the hundreds digit of 897?
8
What is the units digit of 23271?
1
What is the ten thousands digit of 19920?
1
What is the tens digit of 59627?
2
What is the thousands digit of 2021?
2
What is the thousands digit of 4028?
4
What is the thousands digit of 36266?
6
What is the thousands digit of 2633?
2
Wha